7752?
7
What is the hundreds digit of 81461159?
1
What is the hundred thousands digit of 216164638?
1
What is the hundred thousands digit of 70033167?
0
What is the ten millions digit of 2989341975?
8
What is the hundred thousands digit of 287079138?
0
What is the ten millions digit of 96743160?
9
What is the tens digit of 703666612?
1
What is the thousands digit of 1729633844?
3
What is the hundreds digit of 281638770?
7
What is the units digit of 12956931?
1
What is the tens digit of 162986062?
6
What is the hundred thousands digit of 1423290993?
2
What is the billions digit of 1529291353?
1
What is the hundreds digit of 899382816?
8
What is the ten thousands digit of 1027427842?
2
What is the thousands digit of 37953319?
3
What is the ten thousands digit of 746230741?
3
What is the hundred thousands digit of 27757109?
7
What is the tens digit of 71512806?
0
What is the units digit of 88750972?
2
What is the ten millions digit of 17386761?
1
What is the hundred thousands digit of 122509907?
5
What is the tens digit of 1593983849?
4
What is the ten millions digit of 93758902?
9
What is the thousands digit of 31496821?
6
What is the ten thousands digit of 5621980?
2
What is the hundreds digit of 14077422?
4
What is the thousands digit of 17996295?
6
What is the ten thousands digit of 157184525?
8
What is the hundred thousands digit of 14137224?
1
What is the ten thousands digit of 9055925?
5
What is the hundred thousands digit of 1021398712?
3
What is the hundred thousands digit of 2571307?
5
What is the tens digit of 4216302193?
9
What is the units digit of 1740062538?
8
What is the millions digit of 332848769?
2
What is the hundreds digit of 241902419?
4
What is the ten millions digit of 1554280084?
5
What is the ten millions digit of 40886623?
4
What is the hundred millions digit of 749472353?
7
What is the hundreds digit of 573939198?
1
What is the millions digit of 257160399?
7
What is the units digit of 1855194742?
2
What is the hundreds digit of 249440722?
7
What is the hundreds digit of 1166745031?
0
What is the hundred thousands digit of 4040301?
0
What is the units digit of 97454534?
4
What is the units digit of 330993230?
0
What is the billions digit of 1195111500?
1
What is the millions digit of 256022308?
6
What is the billions digit of 1459844915?
1
What is the ten millions digit of 4592450232?
9
What is the ten millions digit of 873264870?
7
What is the thousands digit of 1964892322?
2
What is the tens digit of 2143104208?
0
What is the thousands digit of 1564741191?
1
What is the hundred thousands digit of 582357477?
3
What is the ten thousands digit of 2589795577?
9
What is the thousands digit of 985741990?
1
What is the ten thousands digit of 345817064?
1
What is the units digit of 11939468?
8
What is the ten millions digit of 55346748?
5
What is the hundred millions digit of 158300393?
1
What is the thousands digit of 45466545?
6
What is the hundreds digit of 62659902?
9
What is the ten millions digit of 55392664?
5
What is the hundred thousands digit of 63423717?
4
What is the millions digit of 55018591?
5
What is the hundred millions digit of 3408521488?
4
What is the thousands digit of 169221922?
1
What is the thousands digit of 897353697?
3
What is the hundred thousands digit of 1944450416?
4
What is the hundreds digit of 1394107493?
4
What is the tens digit of 2996412572?
7
What is the tens digit of 47814966?
6
What is the hundreds digit of 457151901?
9
What is the hundreds digit of 2400040839?
8
What is the hundred thousands digit of 1982160917?
1
What is the tens digit of 132941516?
1
What is the thousands digit of 1379292240?
2
What is the hundreds digit of 486623619?
6
What is the hundred millions digit of 2212690887?
2
What is the units digit of 87152537?
7
What is the millions digit of 42419481?
2
What is the thousands digit of 3343178369?
8
What is the hundred millions digit of 2966336110?
9
What is the tens digit of 9029987949?
4
What is the ten millions digit of 1261166522?
6
What is the ten millions digit of 1120305676?
2
What is the ten thousands digit of 643906897?
0
What is the ten millions digit of 11865678?
1
What is the ten millions digit of 77180990?
7
What is the thousands digit of 232723615?
3
What is the ten thousands digit of 1479103559?
0
What is the millions digit of 831692436?
1
What is the ten millions digit of 21385312?
2
What is the ten millions digit of 20395994?
2
What is the hundred thousands digit of 45101133?
1
What is the tens digit of 366347485?
8
What is the units digit of 471778059?
9
What is the hundred thousands digit of 2999305415?
3
What is the ten millions digit of 954932390?
5
What is the thousands digit of 303084589?
4
What is the hundred thousands digit of 137650817?
6
What is the units digit of 1322093138?
8
What is the tens digit of 1380438997?
9
What is the hundreds digit of 4566471249?
2
What is the hundreds digit of 134008648?
6
What is the ten millions digit of 1806623869?
0
What is the tens digit of 289579166?
6
What is the hundreds digit of 319785781?
7
What is the hundred millions digit of 3816397277?
8
What is the millions digit of 196601457?
6
What is the tens digit of 3388818516?
1
What is the hundred millions digit of 527838610?
5
What is the ten millions digit of 16724580?
1
What is the hundreds digit of 622384595?
5
What is the tens digit of 20699975?
7
What is the units digit of 20803978?
8
What is the thousands digit of 4146554656?
4
What is the hundred thousands digit of 69607426?
6
What is the ten thousands digit of 59834683?
3
What is the millions digit of 26762000?
6
What is the hundred millions digit of 359292101?
3
What is the hundreds digit of 2958378433?
4
What is the tens digit of 343940420?
2
What is the ten millions digit of 5111577914?
1
What is the tens digit of 3521145073?
7
What is the ten thousands digit of 247395986?
9
What is the ten thousands digit of 3209017696?
1
What is the hundred thousands digit of 39992616?
9
What is the tens digit of 193112654?
5
What is the ten millions digit of 1810925229?
1
What is the hundred thousands digit of 4688762168?
7
What is the tens digit of 83439600?
0
What is the thousands digit of 47261450?
1
What is the units digit of 59176114?
4
What is the thousands digit of 219444296?
4
What is the hundred thousands digit of 1028610817?
6
What is the tens digit of 4239363970?
7
What is the millions digit of 229689270?
9
What is the hundred thousands digit of 990847285?
8
What is the hundred millions digit of 212348472?
2
What is the millions digit of 75649063?
5
What is the millions digit of 356612007?
6
What is the hundreds digit of 20252350?
3
What is the tens digit of 247413323?
2
What is the hundreds digit of 449463815?
8
What is the ten thousands digit of 94649298?
4
What is the millions digit of 193040980?
3
What is the ten thousands digit of 91740712?
4
What is the ten millions digit of 101341949?
0
What is the hundred thousands digit of 2578209705?
2
What is the millions digit of 196795023?
6
What is the hundreds digit of 734287062?
0
What is the millions digit of 111035819?
1
What is the tens digit of 156807767?
6
What is the ten millions digit of 418150304?
1
What is the hundreds digit of 744297367?
3
What is the ten millions digit of 87091401?
8
What is the hundreds digit of 576705677?
6
What is the hundreds digit of 103134813?
8
What is the hundred millions digit of 143509770?
1
What is the millions digit of 225399208?
5
What is the hundred thousands digit of 3090215753?
2
What is the hundreds digit of 328211632?
6
What is the tens digit of 35373299?
9
What is the thousands digit of 169061699?
1
What is the hundreds digit of 1527674330?
3
What is the millions digit of 59554970?
9
What is the hundreds digit of 10700112?
1
What is the ten millions digit of 104094587?
0
What is the ten millions digit of 5283047672?
8
What is the units digit of 161394891?
1
What is the hundreds digit of 83972021?
0
What is the units digit of 425814525?
5
What is the tens digit of 7957185?
8
What is the units digit of 30098891?
1
What is the thousands digit of 5419118968?
8
What is the hundred thousands digit of 3843479885?
4
What is the hundreds digit of 6107487?
4
What is the ten millions digit of 1353548192?
5
What i